osite?
True
Is 7250161 a prime number?
True
Is 18970478 a composite number?
True
Is 10708933 a composite number?
True
Is 16499893 a prime number?
False
Is 149174453 a prime number?
False
Is 41219753 a prime number?
True
Is 14384515 a prime number?
False
Is 5797817 a composite number?
True
Is 167028263 composite?
False
Is 86675947 a composite number?
False
Is 2331271 prime?
True
Is 2455147 a composite number?
False
Is 5267633 a composite number?
True
Is 1224007 a composite number?
True
Is 38667235 composite?
True
Is 63164801 prime?
False
Is 14336939 prime?
True
Is 16941 a composite number?
True
Is 697302403 composite?
True
Is 43075421 prime?
True
Is 70406249 prime?
False
Is 23782295 a prime number?
False
Is 1257281 a composite number?
False
Is 47683459 prime?
True
Is 9873733 a prime number?
True
Is 651437 a prime number?
True
Is 31946531 a composite number?
False
Is 99959257 prime?
True
Is 4700939 a prime number?
True
Is 64606226 prime?
False
Is 3843179 a prime number?
True
Is 6412493 composite?
False
Is 8961707 a prime number?
True
Is 252559 a prime number?
True
Is 1063423 a composite number?
True
Is 578353 a composite number?
False
Is 7171861 prime?
True
Is 2928131 composite?
True
Is 10114619 prime?
True
Is 42790421 a prime number?
False
Is 31632413 composite?
True
Is 3989053 composite?
True
Is 48594589 a prime number?
False
Is 132512869 a composite number?
False
Is 108153319 a prime number?
True
Is 29473403 a composite number?
True
Is 2418457 prime?
True
Is 2019221 a prime number?
False
Is 1493027 a prime number?
True
Is 37780957 prime?
True
Is 1593874 a composite number?
True
Is 30789923 a composite number?
True
Is 1464493 a prime number?
True
Is 11459177 a composite number?
False
Is 687949 prime?
True
Is 397728043 composite?
False
Is 109202 a composite number?
True
Is 138339037 composite?
False
Is 2758937 composite?
False
Is 154492291 composite?
True
Is 132625247 a prime number?
True
Is 6433107 composite?
True
Is 16710887 prime?
True
Is 495288317 composite?
False
Is 160922753 composite?
False
Is 16966223 prime?
True
Is 3099529 prime?
True
Is 41628383 prime?
False
Is 957181 a composite number?
False
Is 30488423 a prime number?
False
Is 107117635 prime?
False
Is 769632922 prime?
False
Is 1979014 composite?
True
Is 43711583 prime?
True
Is 18758347 composite?
False
Is 66122497 composite?
True
Is 654281 a prime number?
False
Is 80978023 a prime number?
False
Is 1288213 composite?
False
Is 20640739 a prime number?
False
Is 67525039 composite?
False
Is 12958201 a prime number?
True
Is 31436593 a prime number?
False
Is 77557301 a prime number?
True
Is 14455781 a prime number?
True
Is 30495607 prime?
False
Is 13508789 a composite number?
True
Is 3087779 a composite number?
True
Is 108863 a prime number?
True
Is 1459337 a prime number?
False
Is 30615539 composite?
True
Is 63653 composite?
True
Is 1846651 prime?
False
Is 60160733 prime?
True
Is 1533941 composite?
True
Is 75975847 a prime number?
True
Is 29087489 composite?
True
Is 445473121 prime?
True
Is 561301 prime?
False
Is 53363846 a composite number?
True
Is 265500913 composite?
False
Is 2559839 composite?
False
Is 1461706301 composite?
True
Is 5258633 a prime number?
True
Is 2964659 a prime number?
False
Is 64238423 a composite number?
False
Is 1411307 a prime number?
True
Is 707489 composite?
True
Is 1606571 prime?
False
Is 345899822 a prime number?
False
Is 4885351 prime?
True
Is 1425517 prime?
False
Is 835717 prime?
True
Is 92630981 a composite number?
False
Is 609859 composite?
False
Is 1229220791 a composite number?
False
Is 22294763 composite?
False
Is 43990027 composite?
True
Is 267026581 composite?
False
Is 124427 prime?
True
Is 15045409 a prime number?
False
Is 108378197 prime?
False
Is 13846601 a composite number?
True
Is 24577534 prime?
False
Is 1656911 prime?
True
Is 1779761 composite?
False
Is 8292527 composite?
False
Is 8812439 composite?
False
Is 84241909 a composite number?
False
Is 41562071 a prime number?
False
Is 725561 prime?
False
Is 33200137 composite?
True
Is 164746319 a composite number?
False
Is 764069357 prime?
True
Is 79250723 composite?
True
Is 4573783 a prime number?
True
Is 266987153 a composite number?
True
Is 92469731 prime?
True
Is 16596847 a composite number?
False
Is 7176629 prime?
True
Is 250450351 a composite number?
True
Is 5965781 composite?
False
Is 1264751 prime?
False
Is 126857831 a prime number?
True
Is 12611 a composite number?
False
Is 164500019 prime?
False
Is 7783627 composite?
True
Is 22713001 prime?
False
Is 9226299 a composite number?
True
Is 246266186 prime?
False
Is 225738823 composite?
True
Is 9550433 prime?
True
Is 47328971 prime?
False
Is 35757859 a prime number?
True
Is 7066249 prime?
True
Is 600719 prime?
False
Is 1181281 prime?
True
Is 11663837 a prime number?
True
Is 265442081 prime?
True
Is 1624699 prime?
True
Is 303547747 prime?
True
Is 324629 composite?
True
Is 3607489 prime?
True
Is 56066719 composite?
False
Is 9274663 a composite number?
False
Is 375899 prime?
True
Is 4105765 prime?
False
Is 3699961 a composite number?
False
Is 1137068971 a prime number?
True
Is 160718609 prime?
False
Is 2821369 prime?
True
Is 1358571 a prime number?
False
Is 965749 a prime number?
True
Is 1988177 a composite number?
False
Is 3547693 a composite number?
False
Is 130526557 composite?
True
Is 7477243 prime?
True
Is 10371379 prime?
False
Is 777286735 prime?
False
Is 3120067 a composite number?
False
Is 16085339 a composite number?
False
Is 268860563 a composite number?
False
Is 24852533 a prime number?
True
Is 3124487 composite?
True
Is 105845453 a composite number?
True
Is 11292739 a prime number?
True
Is 1764109 a composite number?
True
Is 216017 a prime number?
False
Is 5511619 a prime number?
False
Is 247489127 prime?
True
Is 29304017 composite?
False
Is 349471 composite?
False
Is 5920757 composite?
False
Is 525381767 a composite number?
False
Is 3421591 a prime number?
True
Is 55684799 composite?
True
Is 3295111 prime?
True
Is 11176961 a prime number?
False
Is 47080855 a prime number?
False
Is 60477671 a composite number?
False
Is 13545691 composite?
False
Is 1683553 a composite number?
False
Is 4172271 a prime number?
False
Is 2585711 a composite number?
True
Is 257348623 prime?
False
Is 86795029 prime?
False
Is 67801721 composite?
True
Is 5786831 a composite number?
True
Is 9457241 composite?
False
Is 9859873 a prime number?
False
Is 131959703 a composite number?
False
Is 869595251 a composite number?
True
Is 85016027 a composite number?
True
Is 125790971 a prime number?
False
Is 4813393 composite?
True
Is 18231271 prime?
True
Is 18178313 a prime number?
False
Is 1111901 composite?
True
Is 286205 composite?
True
Is 435707 prime?
False
Is 83749741 a prime number?
False
Is 11568421 a composite number?
True
Is 37370581 prime?
True
Is 26838073 prime?
True
Is 19050041 composite?
False
Is 62610443 prime?
False
Is 8412202 composite?
True
Is 25600279 composite?
True
Is 5271913 a composite number?
False
Is 915877 a composite number?
True
Is 6786622 a composite number?
True
Is 1578701 a prime number?
True
Is 290483 a prime number?
False
Is 705876937 a composite number?
True
Is 4532021 a composite number?
True
Is 11643269 composite?
True
Is 596812987 a prime number?
True
Is 31126447 composite?
True
Is 60294457 prime?
True
Is 2222777 prime?
False
Is 520649179 a composite number?
False
Is 6686915 a composite number?
True
Is 34192913 prime?
False
Is 1545701 a prime number?
True
Is 675339541 prime?
True
Is 5256751 a prime number?
True
Is 150803 a prime number?
False
Is 2293609 composite?
True
Is 25428889 a prime number?
False
Is 5354501 a composite number?
False
Is 171984959 a prime number?
False
Is 2570141 composite?
True
Is 374187823 composite?
False
Is 82464383 a composite number?
True
Is 371549 prime?
True
Is 14232017 prime?
True
Is 60396181 prime?
False
Is 14089031 a prime number?
False
Is 558586382 a prime number?
False
Is 20721013 a composite number?
False
Is 33866563 a prime number?
False
Is 278440823 prime?
True
Is 22036949 a prime number?
False
Is 49116869 prime?
False
Is 2696951 composite?
True
Is 8054747 prime?
False
Is 1179929 composite?
False
Is 8968457 a prime number?
False
Is 87179 composite?
False
Is 7631687 prime?
False
Is 5375297 a pr